?
False
Does 758 divide 1754838682?
False
Is 1109197234 a multiple of 60?
False
Does 7 divide 5425580?
False
Is 110 a factor of 1948686048?
False
Is 177887305 a multiple of 145?
True
Is 1859 a factor of 38802907?
True
Is 49358252 a multiple of 357?
False
Is 962 a factor of 48664694?
True
Is 27 a factor of 46076742?
True
Is 50 a factor of 314075177?
False
Is 34107822 a multiple of 6?
True
Is 2 a factor of 225298688?
True
Is 1051750365 a multiple of 1665?
False
Is 53367213 a multiple of 961?
True
Is 255 a factor of 188370795?
True
Is 40 a factor of 24269880?
True
Is 2601 a factor of 14529186?
True
Is 287907288 a multiple of 5?
False
Is 9705586 a multiple of 23?
True
Is 2959194670 a multiple of 372?
False
Does 296 divide 11136704?
True
Is 1843 a factor of 13127689?
True
Is 58 a factor of 11233538?
False
Is 2571 a factor of 14626419?
True
Is 3713 a factor of 306076289?
False
Is 62390979 a multiple of 2973?
False
Is 632 a factor of 438600416?
True
Is 9041290540 a multiple of 18?
False
Is 7342 a factor of 3491811821?
False
Is 1453 a factor of 1454067845?
False
Does 125 divide 42149120?
False
Does 38 divide 862598105?
False
Is 859 a factor of 104079876?
True
Is 14625192 a multiple of 41?
True
Does 333 divide 8413578?
True
Is 18169695 a multiple of 13?
False
Is 15 a factor of 5899912?
False
Is 687 a factor of 2419079254?
False
Is 11 a factor of 23100737?
True
Is 11 a factor of 11342980?
True
Does 15 divide 113121764?
False
Does 42 divide 51689753?
False
Is 546800556 a multiple of 1779?
True
Is 6 a factor of 1268534412?
True
Does 66 divide 2383632438?
True
Does 16 divide 199784953?
False
Is 29881146 a multiple of 6?
True
Is 74 a factor of 21928934?
False
Is 4425670 a multiple of 19?
True
Is 2731 a factor of 64997800?
True
Does 713 divide 32587665?
True
Does 553 divide 491915452?
False
Is 145852051 a multiple of 62?
False
Is 27229194 a multiple of 5?
False
Is 30369350 a multiple of 131?
False
Is 1760279420 a multiple of 9995?
True
Is 1020 a factor of 18333480?
True
Is 348056028 a multiple of 986?
True
Is 679858956 a multiple of 252?
True
Is 495 a factor of 96160040?
False
Is 677225147 a multiple of 8?
False
Does 35 divide 89853204?
False
Is 193176619 a multiple of 16?
False
Is 137404960 a multiple of 154?
True
Is 34 a factor of 31046216?
True
Is 1575 a factor of 697749088?
False
Is 801 a factor of 30259377?
True
Does 66 divide 4194039546?
False
Does 2179 divide 156451246?
False
Does 258 divide 21128771?
False
Does 24 divide 354157176?
True
Is 7 a factor of 8078246?
False
Does 1449 divide 104372919?
True
Does 29 divide 1168258206?
False
Does 4 divide 34960113?
False
Does 52 divide 46124364?
True
Is 51 a factor of 2069407836?
False
Is 74 a factor of 24965306?
True
Is 10027262 a multiple of 658?
True
Does 1546 divide 117708250?
False
Does 76 divide 1679456588?
True
Does 6 divide 976305596?
False
Is 328 a factor of 287914072?
False
Is 392890436 a multiple of 1249?
True
Is 35397380 a multiple of 38?
True
Is 41 a factor of 484945093?
False
Is 97 a factor of 81544005?
False
Does 5360 divide 86322800?
True
Is 340 a factor of 214116043?
False
Does 5184 divide 1598711137?
False
Does 419 divide 13340541?
True
Is 2324 a factor of 82529888?
True
Does 84 divide 165025?
False
Is 99840714 a multiple of 13?
False
Is 4328 a factor of 4292416666?
False
Does 2609 divide 68432153?
False
Does 1286 divide 552292561?
False
Is 557941104 a multiple of 252?
True
Is 951 a factor of 227767377?
False
Does 13 divide 112101964?
True
Does 253 divide 1125736909?
True
Is 9 a factor of 1315055189?
False
Is 84 a factor of 36829898?
False
Is 7 a factor of 10499241?
False
Is 107037920 a multiple of 440?
True
Does 1123 divide 97206880?
True
Does 237 divide 231688119?
True
Is 618 a factor of 182950044?
False
Is 1811 a factor of 171105547?
False
Does 42 divide 1442284359?
False
Does 932 divide 52419408?
True
Is 97909868 a multiple of 14?
True
Is 5863657 a multiple of 7?
False
Is 25 a factor of 185498889?
False
Is 16 a factor of 2689069728?
True
Is 501663266 a multiple of 484?
False
Is 243 a factor of 1911060711?
False
Is 12 a factor of 149468304?
True
Is 386 a factor of 17350709?
False
Is 16906920 a multiple of 37?
False
Does 20 divide 22988393?
False
Does 84 divide 229612992?
True
Is 34842757 a multiple of 477?
False
Is 3607747 a multiple of 141?
False
Is 5 a factor of 93300870?
True
Is 519392722 a multiple of 4366?
False
Does 19 divide 51207204?
True
Is 2943 a factor of 480471237?
True
Does 269 divide 1918068185?
True
Is 16 a factor of 36689096?
False
Is 3265339685 a multiple of 5591?
True
Is 848 a factor of 88381962?
False
Is 253207198 a multiple of 20?
False
Does 1906 divide 311926464?
False
Is 144 a factor of 14899104?
True
Does 92 divide 60954921?
False
Does 13 divide 647408330?
False
Is 7 a factor of 219769102?
True
Is 16503133 a multiple of 1122?
False
Is 1459670382 a multiple of 202?
True
Is 1516230 a multiple of 85?
True
Is 216984677 a multiple of 17?
False
Is 402 a factor of 1021238373?
False
Does 48 divide 1067488272?
True
Is 160 a factor of 55653920?
True
Is 543548016 a multiple of 432?
True
Is 429 a factor of 12564640?
False
Does 30 divide 291682470?
True
Is 325511955 a multiple of 265?
True
Does 8840 divide 333824920?
True
Is 16 a factor of 205677360?
True
Is 56604917 a multiple of 17?
True
Is 1150866570 a multiple of 40?
False
Does 88 divide 145651440?
True
Is 1142465202 a multiple of 190?
False
Does 1985 divide 148554355?
False
Does 58 divide 82493226?
True
Does 702 divide 913721739?
False
Does 3730 divide 3351143900?
True
Is 16229325 a multiple of 285?
True
Is 4 a factor of 1213160?
True
Is 1568392 a multiple of 392?
True
Is 29 a factor of 4941497?
False
Is 48574231 a multiple of 3754?
False
Is 526 a factor of 591336445?
False
Is 529914618 a multiple of 1781?
False
Is 565614761 a multiple of 753?
False
Does 9 divide 9660483?
True
Does 41 divide 164775146?
True
Is 924 a factor of 202010362?
False
Is 18 a factor of 135043096?
False
Does 7 divide 8059359?
True
Is 6708 a factor of 2576329025?
False
Is 14 a factor of 41636357?
False
Is 72351983 a multiple of 17?
True
Is 62119864 a multiple of 32?
False
Is 4612102 a multiple of 638?
True
Is 8549422 a multiple of 7?
True
Is 18 a factor of 2248580504?
False
Does 226 divide 49305609?
False
Does 1452 divide 246976488?
True
Is 1743191793 a multiple of 287?
True
Does 380 divide 38588240?
True
Is 49799061 a multiple of 1129?
True
Is 35 a factor of 356771380?
True
Is 1834677760 a multiple of 256?
True
Is 120961847 a multiple of 1019?
False
Is 116433955 a multiple of 3845?
False
Is 41 a factor of 292146404?
False
Is 118 a factor of 12458558?
True
Does 20 divide 95384781?
False
Is 38 a factor of 48708206?
False
Does 10 divide 16105081?
False
Is 2774 a factor of 10169484?
True
Does 405 divide 1328327100?
True
Does 26 divide 595591490?
True
Is 1150 a factor of 504491200?
True
Does 1378 divide 117996762?
True
Is 130 a factor of 13801763?
False
Is 5136705 a multiple of 105?
True
Does 46 divide 88399994?
True
Is 375467417 a multiple of 19?
True
Is 103178736 a multiple of 69?
True
Does 2367 divide 223585794?
False
Does 13 divide 159618602?
True
Is 31 a factor of 30085369?
False
Is 2883 a factor of 98624547?
True
Does 14 divide 64412978?
True
Is 36684310 a multiple of 254?
False
Is 26 a factor of 97268886?
True
Is 13 a factor of 218272648?
False
Is 83104829 a multiple of 118?
False
Is 504640 a multiple of 1505?
False
Is 248777928 a multiple of 9?
True
Does 112 divide 116877936?
True
Is 203016805 a multiple of 32?
False
Does 29 divide 1146061426?
False
Is 2109704131 a multiple of 7?
False
Is 57 a factor of 1372056?
False
Is 13 a factor of 1950524953?
True
Does 14 divide 8722330?
False
Does 1327 divide 198703653?
True
Is 286 a factor of 498871802?
True
Is 53064320 a multiple of 40?
True
Is 10130876 a multiple of 55?
False
Is 28799887 even?
False
Is 8402976 a multiple of 1304?
True
Does 118 divide 767334905?
False
Is 698614002 a multiple of 342?
True
Does 237 divide 102872751?
False
Does 21 divide 4509246?
True
Is 2405 a factor of 815715875?
True
Is 48494759 a multiple of 104?
False
Is 16 a factor of 21824000?
True
Is 2086 a factor of 45081612?
False
Does 713 divide 14991566?
False
Is 31498784 a multiple of 1630?
False
Is 5704969 a multiple of 97?